{"id":164,"date":"2022-05-06T03:38:00","date_gmt":"2022-05-06T03:38:00","guid":{"rendered":"https:\/\/pge40anos.sc.gov.br\/?page_id=164"},"modified":"2022-05-06T06:08:09","modified_gmt":"2022-05-06T06:08:09","slug":"royalties-do-petroleo","status":"publish","type":"page","link":"https:\/\/pge40anos.sc.gov.br\/?page_id=164","title":{"rendered":"Royalties do Petr\u00f3leo"},"content":{"rendered":"\t\t<div data-elementor-type=\"wp-page\" data-elementor-id=\"164\" class=\"elementor elementor-164\">\n\t\t\t\t\t\t\t\t\t<section class=\"elementor-section elementor-top-section elementor-element elementor-element-4dae8dc elementor-section-boxed elementor-section-height-default elementor-section-height-default\" data-id=\"4dae8dc\" data-element_type=\"section\" data-settings=\"{&quot;background_background&quot;:&quot;classic&quot;}\">\n\t\t\t\t\t\t<div class=\"elementor-container elementor-column-gap-default\">\n\t\t\t\t\t<div class=\"elementor-column elementor-col-100 elementor-top-column elementor-element elementor-element-95f74f2\" data-id=\"95f74f2\" data-element_type=\"column\">\n\t\t\t<div class=\"elementor-widget-wrap elementor-element-populated\">\n\t\t\t\t\t\t\t\t<div class=\"elementor-element elementor-element-4aec88a elementor-widget elementor-widget-image\" data-id=\"4aec88a\" data-element_type=\"widget\" data-widget_type=\"image.default\">\n\t\t\t\t<div class=\"elementor-widget-container\">\n\t\t\t<style>\/*! elementor - v3.6.5 - 27-04-2022 *\/\n.elementor-widget-image{text-align:center}.elementor-widget-image a{display:inline-block}.elementor-widget-image a img[src$=\".svg\"]{width:48px}.elementor-widget-image img{vertical-align:middle;display:inline-block}<\/style>\t\t\t\t\t\t\t\t\t\t\t\t\t<a href=\"https:\/\/pge40anos.sc.gov.br\/\">\n\t\t\t\t\t\t\t<img width=\"800\" height=\"363\" src=\"https:\/\/pge40anos.sc.gov.br\/wp-content\/uploads\/2022\/05\/PGE-40-anos-horizontal-preto-2-1024x464.png\" class=\"attachment-large size-large\" alt=\"\" loading=\"lazy\" srcset=\"https:\/\/pge40anos.sc.gov.br\/wp-content\/uploads\/2022\/05\/PGE-40-anos-horizontal-preto-2-1024x464.png 1024w, https:\/\/pge40anos.sc.gov.br\/wp-content\/uploads\/2022\/05\/PGE-40-anos-horizontal-preto-2-300x136.png 300w, https:\/\/pge40anos.sc.gov.br\/wp-content\/uploads\/2022\/05\/PGE-40-anos-horizontal-preto-2-768x348.png 768w, https:\/\/pge40anos.sc.gov.br\/wp-content\/uploads\/2022\/05\/PGE-40-anos-horizontal-preto-2.png 1492w\" sizes=\"(max-width: 800px) 100vw, 800px\" \/>\t\t\t\t\t\t\t\t<\/a>\n\t\t\t\t\t\t\t\t\t\t\t\t\t\t\t<\/div>\n\t\t\t\t<\/div>\n\t\t\t\t\t<\/div>\n\t\t<\/div>\n\t\t\t\t\t\t\t<\/div>\n\t\t<\/section>\n\t\t\t\t<section class=\"elementor-section elementor-top-section elementor-element elementor-element-4524656 elementor-section-boxed elementor-section-height-default elementor-section-height-default\" data-id=\"4524656\" data-element_type=\"section\" data-settings=\"{&quot;background_background&quot;:&quot;classic&quot;}\">\n\t\t\t\t\t\t<div class=\"elementor-container elementor-column-gap-default\">\n\t\t\t\t\t<div class=\"elementor-column elementor-col-100 elementor-top-column elementor-element elementor-element-6583234\" data-id=\"6583234\" data-element_type=\"column\">\n\t\t\t<div class=\"elementor-widget-wrap elementor-element-populated\">\n\t\t\t\t\t\t\t\t<div class=\"elementor-element elementor-element-8b54d6c elementor-widget elementor-widget-heading\" data-id=\"8b54d6c\" data-element_type=\"widget\" data-widget_type=\"heading.default\">\n\t\t\t\t<div class=\"elementor-widget-container\">\n\t\t\t<style>\/*! elementor - v3.6.5 - 27-04-2022 *\/\n.elementor-heading-title{padding:0;margin:0;line-height:1}.elementor-widget-heading .elementor-heading-title[class*=elementor-size-]>a{color:inherit;font-size:inherit;line-height:inherit}.elementor-widget-heading .elementor-heading-title.elementor-size-small{font-size:15px}.elementor-widget-heading .elementor-heading-title.elementor-size-medium{font-size:19px}.elementor-widget-heading .elementor-heading-title.elementor-size-large{font-size:29px}.elementor-widget-heading .elementor-heading-title.elementor-size-xl{font-size:39px}.elementor-widget-heading .elementor-heading-title.elementor-size-xxl{font-size:59px}<\/style><h2 class=\"elementor-heading-title elementor-size-default\">Royalties do Petr\u00f3leo: tudo sobre a atua\u00e7\u00e3o da PGE que reparou um erro hist\u00f3rico e recuperou recursos de todos os catarinenses<\/h2>\t\t<\/div>\n\t\t\t\t<\/div>\n\t\t\t\t\t<\/div>\n\t\t<\/div>\n\t\t\t\t\t\t\t<\/div>\n\t\t<\/section>\n\t\t\t\t<section class=\"elementor-section elementor-top-section elementor-element elementor-element-70ec5a6 elementor-section-boxed elementor-section-height-default elementor-section-height-default\" data-id=\"70ec5a6\" data-element_type=\"section\" data-settings=\"{&quot;background_background&quot;:&quot;classic&quot;}\">\n\t\t\t\t\t\t<div class=\"elementor-container elementor-column-gap-default\">\n\t\t\t\t\t<div class=\"elementor-column elementor-col-50 elementor-top-column elementor-element elementor-element-edabf98\" data-id=\"edabf98\" data-element_type=\"column\">\n\t\t\t<div class=\"elementor-widget-wrap elementor-element-populated\">\n\t\t\t\t\t\t\t\t<div class=\"elementor-element elementor-element-114f3f4 elementor-widget elementor-widget-image\" data-id=\"114f3f4\" data-element_type=\"widget\" data-widget_type=\"image.default\">\n\t\t\t\t<div class=\"elementor-widget-container\">\n\t\t\t\t\t\t\t\t\t\t\t\t\t\t\t<img width=\"768\" height=\"512\" src=\"https:\/\/pge40anos.sc.gov.br\/wp-content\/uploads\/2022\/05\/grant-durr-15mjdcU9RKI-unsplash-768x512.jpg\" class=\"attachment-medium_large size-medium_large\" alt=\"\" loading=\"lazy\" srcset=\"https:\/\/pge40anos.sc.gov.br\/wp-content\/uploads\/2022\/05\/grant-durr-15mjdcU9RKI-unsplash-768x512.jpg 768w, https:\/\/pge40anos.sc.gov.br\/wp-content\/uploads\/2022\/05\/grant-durr-15mjdcU9RKI-unsplash-300x200.jpg 300w, https:\/\/pge40anos.sc.gov.br\/wp-content\/uploads\/2022\/05\/grant-durr-15mjdcU9RKI-unsplash-1024x683.jpg 1024w, https:\/\/pge40anos.sc.gov.br\/wp-content\/uploads\/2022\/05\/grant-durr-15mjdcU9RKI-unsplash-1536x1024.jpg 1536w, https:\/\/pge40anos.sc.gov.br\/wp-content\/uploads\/2022\/05\/grant-durr-15mjdcU9RKI-unsplash-2048x1365.jpg 2048w\" sizes=\"(max-width: 768px) 100vw, 768px\" \/>\t\t\t\t\t\t\t\t\t\t\t\t\t\t\t<\/div>\n\t\t\t\t<\/div>\n\t\t\t\t\t<\/div>\n\t\t<\/div>\n\t\t\t\t<div class=\"elementor-column elementor-col-50 elementor-top-column elementor-element elementor-element-9bd724e\" data-id=\"9bd724e\" data-element_type=\"column\">\n\t\t\t<div class=\"elementor-widget-wrap elementor-element-populated\">\n\t\t\t\t\t\t\t\t<div class=\"elementor-element elementor-element-f1a4eaa elementor-widget elementor-widget-text-editor\" data-id=\"f1a4eaa\" data-element_type=\"widget\" data-widget_type=\"text-editor.default\">\n\t\t\t\t<div class=\"elementor-widget-container\">\n\t\t\t<style>\/*! elementor - v3.6.5 - 27-04-2022 *\/\n.elementor-widget-text-editor.elementor-drop-cap-view-stacked .elementor-drop-cap{background-color:#818a91;color:#fff}.elementor-widget-text-editor.elementor-drop-cap-view-framed .elementor-drop-cap{color:#818a91;border:3px solid;background-color:transparent}.elementor-widget-text-editor:not(.elementor-drop-cap-view-default) .elementor-drop-cap{margin-top:8px}.elementor-widget-text-editor:not(.elementor-drop-cap-view-default) .elementor-drop-cap-letter{width:1em;height:1em}.elementor-widget-text-editor .elementor-drop-cap{float:left;text-align:center;line-height:1;font-size:50px}.elementor-widget-text-editor .elementor-drop-cap-letter{display:inline-block}<\/style>\t\t\t\t<p><span style=\"font-weight: 400;\">Durante mais de 30 anos, a PGE\/SC esteve \u00e0 frente da luta que garantiu o pagamento dos <\/span><i><span style=\"font-weight: 400;\">royalties <\/span><\/i><span style=\"font-weight: 400;\">do petr\u00f3leo \u00e0 Santa Catarina. Tratam-se de recursos pagos aos Estados para compensar os investimentos em infraestrutura e tamb\u00e9m eventuais impactos ambientais decorrentes da explora\u00e7\u00e3o de petr\u00f3leo no litoral e desde 1987, Santa Catarina buscou garantir o recebimento dos valores decorrentes da explora\u00e7\u00e3o de petr\u00f3leo nos campos de Tubar\u00e3o, Estrela do Mar, Coral, Caravela e Caravela do Sul, localizados a cerca de 150 km do litoral catarinense, entre os munic\u00edpios de Itaja\u00ed e S\u00e3o Francisco do Sul.<\/span><\/p><p><span style=\"font-weight: 400;\">Desde essa \u00e9poca, a PGE defendeu que os crit\u00e9rios utilizados pelo Instituto Brasileiro de Geografia e Estat\u00edstica (IBGE) para definir a divis\u00e3o mar\u00edtima entre SC e o Paran\u00e1 eram ilegais. O c\u00e1lculo realizado pelo IBGE considerou que os campos estariam em \u00e1guas paranaenses, dando ao PR o direito aos <\/span><i><span style=\"font-weight: 400;\">royalties<\/span><\/i><span style=\"font-weight: 400;\">.\u00a0<\/span><\/p>\t\t\t\t\t\t<\/div>\n\t\t\t\t<\/div>\n\t\t\t\t\t<\/div>\n\t\t<\/div>\n\t\t\t\t\t\t\t<\/div>\n\t\t<\/section>\n\t\t\t\t<section class=\"elementor-section elementor-top-section elementor-element elementor-element-e8deb26 elementor-section-boxed elementor-section-height-default elementor-section-height-default\" data-id=\"e8deb26\" data-element_type=\"section\" data-settings=\"{&quot;background_background&quot;:&quot;classic&quot;}\">\n\t\t\t\t\t\t<div class=\"elementor-container elementor-column-gap-default\">\n\t\t\t\t\t<div class=\"elementor-column elementor-col-100 elementor-top-column elementor-element elementor-element-225d0a1\" data-id=\"225d0a1\" data-element_type=\"column\">\n\t\t\t<div class=\"elementor-widget-wrap elementor-element-populated\">\n\t\t\t\t\t\t\t\t<div class=\"elementor-element elementor-element-1e2c3e2 elementor-widget elementor-widget-text-editor\" data-id=\"1e2c3e2\" data-element_type=\"widget\" data-widget_type=\"text-editor.default\">\n\t\t\t\t<div class=\"elementor-widget-container\">\n\t\t\t\t\t\t\t<p><strong>O in\u00edcio do processo<\/strong><\/p><p><span style=\"font-weight: 400;\">No ano de 1991, como o IBGE n\u00e3o revisou os crit\u00e9rios utilizados para a defini\u00e7\u00e3o da divisa mar\u00edtima, a PGE ajuizou uma a\u00e7\u00e3o no Supremo Tribunal Federal (STF) questionando a decis\u00e3o do Instituto. O processo foi contestado pelas partes interessadas (IBGE, Estado do Paran\u00e1 e Estado de S\u00e3o Paulo) e alguns munic\u00edpios catarinenses ingressaram como assistentes de Santa Catarina, j\u00e1 que munic\u00edpios tamb\u00e9m t\u00eam direito aos <\/span><i><span style=\"font-weight: 400;\">royalties<\/span><\/i><span style=\"font-weight: 400;\">.<\/span><\/p><p><span style=\"font-weight: 400;\">Em 1995, por decis\u00e3o do ministro relator do processo, \u00e9 iniciada uma per\u00edcia t\u00e9cnica para avaliar os crit\u00e9rios usados pelo IBGE. O trabalho, realizado por engenheiro escolhido pelo ministro relator, foi acompanhado por assistentes t\u00e9cnicos indicados por SC, PR e pelo pr\u00f3prio instituto. A per\u00edcia concluiu que a tese defendida por Santa Catarina estava correta, demonstrando assim que o crit\u00e9rio adotado pelo IBGE estava errado. A conclus\u00e3o da per\u00edcia foi em 1998 e o entendimento foi de que o IBGE &#8220;[\u2026] usou crit\u00e9rios arbitr\u00e1rios para lan\u00e7ar linhas de base [\u2026]&#8221;.<\/span><\/p><p><span style=\"font-weight: 400;\">No in\u00edcio dos anos 2000, a Procuradoria-Geral da Rep\u00fablica (Minist\u00e9rio P\u00fablico Federal) emitiu parecer favor\u00e1vel \u00e0 tese de Santa Catarina e o processo j\u00e1 estava pronto para julgamento, por\u00e9m os r\u00e9us defenderam que a edi\u00e7\u00e3o de um<\/span><a href=\"https:\/\/www2.camara.leg.br\/legin\/fed\/decret\/2004\/decreto-4983-10-fevereiro-2004-497867-norma-pe.html\"> <span style=\"font-weight: 400;\">decreto publicado<\/span><\/a><span style=\"font-weight: 400;\">\u00a0em 2004 poderia alterar as conclus\u00f5es da per\u00edcia. No entanto, esse decreto n\u00e3o traz repercuss\u00f5es pr\u00e1ticas para a controv\u00e9rsia, porque n\u00e3o fixou pontos apropriados no litoral paranaense, n\u00e3o retratando a sua realidade geogr\u00e1fica.<\/span><\/p><p><span style=\"font-weight: 400;\">Entre 2009 e 2019, Advocacia-Geral da Uni\u00e3o e STF realizaram audi\u00eancias conciliat\u00f3rias entre as partes, mas em nenhuma delas houve consenso e foram encerradas sem \u00eaxito.<\/span><\/p><p><strong>\u00daltimas movimenta\u00e7\u00f5es e decis\u00f5es favor\u00e1veis \u00e0 SC <\/strong><\/p><p><span style=\"font-weight: 400;\">Em 2018, inicia-se o julgamento do processo. No m\u00eas de junho, o ministro Marco Aur\u00e9lio pediu vista, logo ap\u00f3s o ministro relator Lu\u00eds Roberto Barroso votar pela proced\u00eancia parcial da a\u00e7\u00e3o contra o IBGE, Paran\u00e1 e S\u00e3o Paulo. Dessa forma, este julgamento foi suspenso por tempo indeterminado. Barroso concordou com a PGE\/SC ao afirmar que o IBGE usou um crit\u00e9rio ilegal na demarca\u00e7\u00e3o dos limites mar\u00edtimos, que beneficiou o Paran\u00e1 em preju\u00edzo dos catarinenses. Por isso, o relator votou para que o IBGE refa\u00e7a a delimita\u00e7\u00e3o mar\u00edtima dos estados para fins de distribui\u00e7\u00e3o dos royalties.<\/span><\/p><p><span style=\"font-weight: 400;\">Devido ao pedido de vista, o julgamento foi adiado e retomado somente em dezembro daquele ano. O ministro Marco Aur\u00e9lio Mello concordou totalmente com o Estado e determinou que o IBGE refa\u00e7a a delimita\u00e7\u00e3o mar\u00edtima dos estados para fins de distribui\u00e7\u00e3o dos <\/span><i><span style=\"font-weight: 400;\">royalties <\/span><\/i><span style=\"font-weight: 400;\">e condenou os estados de S\u00e3o Paulo e Paran\u00e1 a ressarcir Santa Catarina pelos recursos recebidos indevidamente. Por\u00e9m, desta vez, quem fez o pedido de vista foi o ministro Alexandre de Moraes e o julgamento foi suspenso novamente.<\/span><\/p><p><span style=\"font-weight: 400;\">Os autos foram devolvidos pelo ministro Alexandre de Moraes em fevereiro de 2019 e o julgamento foi retomado de maneira virtual em junho do ano seguinte. O ministro apresentou o voto concordando com a posi\u00e7\u00e3o do relator Barroso. Os ministros Ricardo Lewandowski, C\u00e1rmen L\u00facia, Rosa Weber, Luiz Fux e Dias Toffoli foram na mesma linha.<\/span><\/p><p><span style=\"font-weight: 400;\">Durante o julgamento virtual, o ministro Gilmar Mendes apresentou voto divergente do relator e deu vit\u00f3ria ao Estado em maior extens\u00e3o que Barroso. Os ministros Celso de Mello e Edson Fachin n\u00e3o participaram do julgamento, pois declararam-se, respectivamente, \u201csuspeito\u201d e \u201cimpedido\u201d.<\/span><\/p><p><strong>Pr\u00f3ximos passos <\/strong><\/p><p><span style=\"font-weight: 400;\">O julgamento virtual foi encerrado em 19 de junho de 2020 com votos de nove membros do STF &#8211; um julgou a a\u00e7\u00e3o totalmente favor\u00e1vel e oito deram vit\u00f3ria parcial ao Estado. Foi reconhecido que <\/span>Santa Catarina sempre teve raz\u00e3o ao questionar o tra\u00e7ado feito pelo IBGE<span style=\"font-weight: 400;\">, confirmando a necessidade de se reparar uma injusti\u00e7a hist\u00f3rica contra os catarinenses.\u00a0<\/span><\/p><p><span style=\"font-weight: 400;\">O valor exato pago ao Estado do Paran\u00e1 ainda \u00e9 impreciso &#8211; depende de um levantamento detalhado junto \u00e0 Petrobras e \u00e0 Ag\u00eancia Nacional do Petr\u00f3leo. Por\u00e9m, com base em valores aproximados, pode superar os R$ 300 milh\u00f5es.<\/span><\/p><p><span style=\"font-weight: 400;\">E o preju\u00edzo de Santa Catarina pode ser ainda maior: <\/span><i><span style=\"font-weight: 400;\">royalties <\/span><\/i><span style=\"font-weight: 400;\">expressivos ser\u00e3o gerados por novas reservas descobertas na \u00e1rea, bem como em decorr\u00eancia dos avan\u00e7os tecnol\u00f3gicos que permitem explorar em \u00e1guas profundas. Essa defini\u00e7\u00e3o da divisa mar\u00edtima, equivocada segundo a PGE, tamb\u00e9m tem consequ\u00eancias sobre os po\u00e7os de Ba\u00fana e Ba\u00fana Sul, cujos <\/span><i><span style=\"font-weight: 400;\">royalties <\/span><\/i><span style=\"font-weight: 400;\">(cerca de R$ 500 milh\u00f5es ao ano) est\u00e3o sendo pagos a S\u00e3o Paulo, quando deveriam ser divididos entre SC, PR e SP.<\/span><\/p>\t\t\t\t\t\t<\/div>\n\t\t\t\t<\/div>\n\t\t\t\t\t<\/div>\n\t\t<\/div>\n\t\t\t\t\t\t\t<\/div>\n\t\t<\/section>\n\t\t\t\t\t\t\t<\/div>\n\t\t","protected":false},"excerpt":{"rendered":"<p>Royalties do Petr\u00f3leo: tudo sobre a atua\u00e7\u00e3o da PGE que reparou um erro hist\u00f3rico e recuperou recursos de todos os catarinenses Durante mais de 30 anos, a PGE\/SC esteve \u00e0 frente da luta que garantiu o pagamento dos royalties do petr\u00f3leo \u00e0 Santa Catarina. Tratam-se de recursos pagos aos Estados para compensar os investimentos em [&hellip;]<\/p>\n","protected":false},"author":1,"featured_media":0,"parent":0,"menu_order":0,"comment_status":"closed","ping_status":"closed","template":"elementor_canvas","meta":[],"_links":{"self":[{"href":"https:\/\/pge40anos.sc.gov.br\/index.php?rest_route=\/wp\/v2\/pages\/164"}],"collection":[{"href":"https:\/\/pge40anos.sc.gov.br\/index.php?rest_route=\/wp\/v2\/pages"}],"about":[{"href":"https:\/\/pge40anos.sc.gov.br\/index.php?rest_route=\/wp\/v2\/types\/page"}],"author":[{"embeddable":true,"href":"https:\/\/pge40anos.sc.gov.br\/index.php?rest_route=\/wp\/v2\/users\/1"}],"replies":[{"embeddable":true,"href":"https:\/\/pge40anos.sc.gov.br\/index.php?rest_route=%2Fwp%2Fv2%2Fcomments&post=164"}],"version-history":[{"count":17,"href":"https:\/\/pge40anos.sc.gov.br\/index.php?rest_route=\/wp\/v2\/pages\/164\/revisions"}],"predecessor-version":[{"id":400,"href":"https:\/\/pge40anos.sc.gov.br\/index.php?rest_route=\/wp\/v2\/pages\/164\/revisions\/400"}],"wp:attachment":[{"href":"https:\/\/pge40anos.sc.gov.br\/index.php?rest_route=%2Fwp%2Fv2%2Fmedia&parent=164"}],"curies":[{"name":"wp","href":"https:\/\/api.w.org\/{rel}","templated":true}]}}